t is the ten thousands digit of 109759?
0
What is the hundred thousands digit of 108795?
1
What is the ten thousands digit of 13501699?
0
What is the units digit of 489363?
3
What is the tens digit of 22263383?
8
What is the thousands digit of 409627?
9
What is the millions digit of 14139189?
4
What is the tens digit of 324296?
9
What is the tens digit of 904663?
6
What is the units digit of 38779?
9
What is the thousands digit of 515126?
5
What is the tens digit of 9781377?
7
What is the units digit of 11007008?
8
What is the thousands digit of 144590?
4
What is the thousands digit of 803980?
3
What is the tens digit of 7990705?
0
What is the hundred thousands digit of 888550?
8
What is the millions digit of 36186060?
6
What is the ten thousands digit of 28854194?
5
What is the ten millions digit of 11852166?
1
What is the units digit of 2424326?
6
What is the hundreds digit of 338210?
2
What is the ten thousands digit of 163664?
6
What is the hundreds digit of 513843?
8
What is the hundred thousands digit of 161727?
1
What is the ten millions digit of 14445779?
1
What is the units digit of 863526?
6
What is the thousands digit of 642418?
2
What is the millions digit of 2116807?
2
What is the ten thousands digit of 587230?
8
What is the hundred thousands digit of 4176196?
1
What is the units digit of 223047?
7
What is the ten thousands digit of 90408?
9
What is the ten thousands digit of 11020954?
2
What is the millions digit of 4699166?
4
What is the ten thousands digit of 95100?
9
What is the tens digit of 6087053?
5
What is the hundreds digit of 2519862?
8
What is the tens digit of 193647?
4
What is the hundreds digit of 1817736?
7
What is the ten thousands digit of 6456117?
5
What is the thousands digit of 6660001?
0
What is the hundreds digit of 94655?
6
What is the thousands digit of 848641?
8
What is the units digit of 347862?
2
What is the tens digit of 998782?
8
What is the units digit of 68393?
3
What is the tens digit of 512843?
4
What is the hundred thousands digit of 12505718?
5
What is the tens digit of 462272?
7
What is the tens digit of 1770604?
0
What is the millions digit of 1707648?
1
What is the tens digit of 2777352?
5
What is the units digit of 4821945?
5
What is the millions digit of 4585891?
4
What is the hundreds digit of 7907012?
0
What is the units digit of 8473379?
9
What is the tens digit of 934582?
8
What is the ten thousands digit of 4084891?
8
What is the hundreds digit of 25907?
9
What is the units digit of 7065268?
8
What is the millions digit of 1270133?
1
What is the units digit of 1496582?
2
What is the thousands digit of 8612090?
2
What is the ten thousands digit of 5154343?
5
What is the thousands digit of 10320207?
0
What is the ten thousands digit of 71593?
7
What is the thousands digit of 64523?
4
What is the hundreds digit of 233894?
8
What is the hundreds digit of 135742?
7
What is the thousands digit of 132656?
2
What is the ten thousands digit of 7502839?
0
What is the hundred thousands digit of 216134?
2
What is the ten thousands digit of 222801?
2
What is the thousands digit of 576755?
6
What is the ten thousands digit of 19859994?
5
What is the hundreds digit of 10240155?
1
What is the units digit of 2925228?
8
What is the ten thousands digit of 482757?
8
What is the hundred thousands digit of 9024465?
0
What is the hundred thousands digit of 377623?
3
What is the units digit of 295682?
2
What is the units digit of 683986?
6
What is the units digit of 246294?
4
What is the units digit of 619204?
4
What is the hundred thousands digit of 6821040?
8
What is the hundred thousands digit of 5098916?
0
What is the hundreds digit of 223795?
7
What is the ten thousands digit of 82982?
8
What is the tens digit of 2810461?
6
What is the hundred thousands digit of 6575921?
5
What is the thousands digit of 6911914?
1
What is the ten millions digit of 10113367?
1
What is the tens digit of 3278738?
3
What is the thousands digit of 333587?
3
What is the hundred thousands digit of 174504?
1
What is the hundred thousands digit of 414474?
4
What is the ten thousands digit of 840251?
4
What is the hundreds digit of 254442?
4
What is the thousands digit of 9279180?
9
What is the units digit of 790154?
4
What is the tens digit of 6396985?
8
What is the hundred thousands digit of 8963670?
9
What is the tens digit of 721053?
5
What is the thousands digit of 34310?
4
What is the hundreds digit of 582302?
3
What is the units digit of 4400499?
9
What is the tens digit of 23107276?
7
What is the hundred thousands digit of 1796130?
7
What is the hundred thousands digit of 899640?
8
What is the tens digit of 904706?
0
What is the tens digit of 8041?
4
What is the units digit of 1050359?
9
What is the thousands digit of 9490?
9
What is the hundreds digit of 463546?
5
What is the thousands digit of 118871?
8
What is the tens digit of 4466627?
2
What is the thousands digit of 183499?
3
What is the hundreds digit of 3964939?
9
What is the hundreds digit of 155293?
2
What is the millions digit of 3256470?
3
What is the hundred thousands digit of 8177253?
1
What is the ten thousands digit of 30160687?
6
What is the tens digit of 31582?
8
What is the hundreds digit of 21213?
2
What is the units digit of 11148626?
6
What is the units digit of 288013?
3
What is the hundreds digit of 15146865?
8
What is the millions digit of 1366950?
1
What is the hundred thousands digit of 180174?
1
What is the hundreds digit of 760621?
6
What is the hundreds digit of 5187162?
1
What is the hundreds digit of 1407522?
5
What is the hundred thousands digit of 108801?
1
What is the millions digit of 2234131?
2
What is the thousands digit of 113831?
3
What is the hundreds digit of 927416?
4
What is the thousands digit of 15386278?
6
What is the hundred thousands digit of 8015792?
0
What is the units digit of 41951?
1
What is the ten thousands digit of 607818?
0
What is the tens digit of 4093031?
3
What is the millions digit of 1921455?
1
What is the ten thousands digit of 357332?
5
What is the units digit of 285345?
5
What is the units digit of 1805794?
4
What is the ten thousands digit of 50324?
5
What is the tens digit of 218613?
1
What is the millions digit of 13174826?
3
What is the hundred thousands digit of 2841020?
8
What is the millions digit of 1064987?
1
What is the hundreds digit of 521439?
4
What is the hundred thousands digit of 462273?
4
What is the ten thousands digit of 848555?
4
What is the thousands digit of 2515307?
5
What is the tens digit of 2129302?
0
What is the thousands digit of 3684852?
4
What is the hundreds digit of 41183?
1
What is the hundred thousands digit of 1461933?
4
What is the hundreds digit of 20310851?
8
What is the hundreds digit of 208856?
8
What is the ten thousands digit of 8049812?
4
What is the tens digit of 8582935?
3
What is the hundreds digit of 2207461?
4
What is the units digit of 6388247?
7
What is the thousands digit of 1010495?
0
What is the hundreds digit of 1053530?
5
What is the units digit of 439248?
8
What is the hundreds digit of 1784523?
5
What is the tens digit of 6152511?
1
What is the tens digit of 8498525?
2
What is the ten thousands digit of 286849?
8
What is the hundreds digit of 331945?
9
What is the ten thousands digit of 118192?
1
What is the hundred thousands digit of 4831676?
8
What is the hundred thousands digit of 6578444?
5
What is the hundreds digit of 689647?
6
What is the tens digit of 15284417?
1
What is the hundreds digit of 1928166?
1
What is the ten thousands digit of 3139795?
3
What is the hundreds digit of 1300615?
6
What is the units digit of 404126?
6
What is the hundreds digit of 8507673?
6
What is the millions digit of 6287046?
6
What is the thousands digit of 2398860?
8
What is the hundred thousands digit of 4853220?
8
What is the ten thousands digit of 2489287?
8
What is the units digit of 619228?
8
What is the ten thousands digit of 12293279?
9
What is the ten thousands digit of 3255666?
5
What is the ten thousands digit of 1138169?
3
What is the thousands digit of 21565303?
5
What is the hundred thousands digit of 677842?
6
What is the units digit of 8632?
2
What is the ten thousands digit of 104989?
0
What is the millions digit of 1378550?
1
What is the unit